{"id":13579,"date":"2024-02-19T15:39:36","date_gmt":"2024-02-19T18:39:36","guid":{"rendered":"https:\/\/www.voluspajarpa.com\/?post_type=texts&#038;p=13579"},"modified":"2024-02-19T15:39:36","modified_gmt":"2024-02-19T18:39:36","slug":"105-memoria-arquivo-e-curadoria-na-cultura-digital","status":"publish","type":"texts","link":"https:\/\/www.voluspajarpa.com\/en\/texts\/105-memoria-arquivo-e-curadoria-na-cultura-digital\/","title":{"rendered":"105. Mem\u00f3ria, Arquivo e Curadoria na Cultura Digital"},"content":{"rendered":"<p>Mem\u00f3ria, Arquivo e Curadoria na Cultura Digital discute o estatuto da mem\u00f3ria e do arquivo na cultura contempor\u00e2nea. Tomando como ponto de partida pensadores tais como Jacques Derrida e Michel Foucault, bem como te\u00f3ricos que se debru\u00e7am sobre a especificidade do arquivo na cultura digital, o artigo realiza uma leitura de curadorias que potencializam esta discuss\u00e3o.<\/p>\n","protected":false},"featured_media":0,"parent":0,"template":"","_links":{"self":[{"href":"https:\/\/www.voluspajarpa.com\/en\/wp-json\/wp\/v2\/texts\/13579"}],"collection":[{"href":"https:\/\/www.voluspajarpa.com\/en\/wp-json\/wp\/v2\/texts"}],"about":[{"href":"https:\/\/www.voluspajarpa.com\/en\/wp-json\/wp\/v2\/types\/texts"}],"version-history":[{"count":1,"href":"https:\/\/www.voluspajarpa.com\/en\/wp-json\/wp\/v2\/texts\/13579\/revisions"}],"predecessor-version":[{"id":13580,"href":"https:\/\/www.voluspajarpa.com\/en\/wp-json\/wp\/v2\/texts\/13579\/revisions\/13580"}],"wp:attachment":[{"href":"https:\/\/www.voluspajarpa.com\/en\/wp-json\/wp\/v2\/media?parent=13579"}],"curies":[{"name":"wp","href":"https:\/\/api.w.org\/{rel}","templated":true}]}}

105. Memória, Arquivo e Curadoria na Cultura Digital

<p>Memória, Arquivo e Curadoria na Cultura Digital discute o estatuto da memória e do arquivo na cultura contemporânea. Tomando como ponto de partida pensadores tais como Jacques Derrida e Michel Foucault, bem como teóricos que se debruçam sobre a especificidade do arquivo na cultura digital, o artigo realiza uma leitura de curadorias que potencializam esta discussão.</p>
